 -30. What is the highest common divisor of p and z?
10
Let z = 185 - 100. Calculate the greatest common divisor of 17 and z.
17
Let i(r) = -r**3 + 8*r**2 + 9*r + 1. Let g be i(9). Suppose -3*z = 4*v - 17 - 16, 5*z - 4 = -v. What is the greatest common factor of v and g?
1
Suppose 5*q + 2*q - 70 = 0. What is the greatest common factor of q and 5?
5
Let o(p) = p**2 - 9*p + 12. Let r(s) = s + 8. Let f be r(0). Let m be o(f). Calculate the greatest common factor of 36 and m.
4
Let b be 246/(6/21 + 0). Suppose 0 = 5*y - 49 - b. What is the highest common divisor of 26 and y?
26
Let m(v) = 22*v + 10. Let c be m(7). Let b = c - 100. What is the highest common factor of b and 16?
16
Let s(q) = -2 + q + 0*q + 5*q**2 + 3. Let l be s(-1). What is the highest common factor of l and 25?
5
Suppose 5*i + z = 3003, -z = i - 156 - 447. Suppose -c - i = -5*u - 0*c, 4*u - 499 = -3*c. Calculate the greatest common factor of u and 11.
11
Let l(j) = -j**3 - 19*j**2 - 18*j + 3. Let c be l(-18). Suppose -3*f + 4*w + 683 = 0, -3*w = 4*f - c*f - 219. What is the highest common factor of f and 25?
25
Let i(g) = g**2 - 3*g - 4. Let l be i(4). Suppose -5*y + 2*y + 18 = l. Let r(u) = 2*u**2 - 3*u + 4. Let x be r(4). What is the highest common factor of y and x?
6
Let l be 30/(-4)*8/(-10). Let t(o) = o**3 + 8*o**2 + 7*o + 6. Suppose -5*j = -j + 28. Let m be t(j). Calculate the highest common divisor of m and l.
6
Let w = -13 + 22. Suppose f - 8 = 10. Calculate the greatest common factor of w and f.
9
Let x(m) = m**3 - 20*m**2 - m + 21. Let g be x(20). Suppose 4*w - 50 = -6. Calculate the highest common divisor of w and g.
1
Let w = -3 + 5. Let o be (2/(-2))/(2/(-6)). Suppose -o*a - w = -8. Calculate the highest common factor of a and 22.
2
Suppose 0 = q - 8*q + 245. What is the greatest common factor of q and 105?
35
Let a(i) = -13*i - 12. Let v be a(-12). Suppose -4*l - 21 + 93 = 0. What is the highest common factor of l and v?
18
Suppose 4*q + 11 - 3 = 5*a, 3*q = -4*a - 6. Let k = -8 + 13. Suppose f + 10 = c + c, 5*c + k*f - 55 = a. What is the greatest common divisor of 7 and c?
7
Suppose 5*d = 5*r + 785, 12 = -4*r - 0*r. What is the greatest common factor of 14 and d?
14
Let w(k) = -k**3 + 9*k**2 - 4*k - 5. Let p be w(9). Let z = -21 - p. What is the highest common factor of z and 180?
20
Let g = -1 - -1. Suppose 5*a = -g*a + 15. What is the greatest common divisor of 18 and a?
3
Suppose 4*q - q = 6. Suppose 5*n - 77 = f, -n = -2*f - q*f - 23. Suppose 2*t - 80 = -2*y - 3*t, 26 = y - t. Calculate the highest common divisor of y and n.
15
Let v(k) = -2*k + 25. Let i be v(12). Calculate the highest common factor of i and 7.
1
Suppose 7*q = 4*q + 33. What is the highest common factor of 88 and q?
11
Let i(b) = 2*b - 2. Let t be i(6). Let d(y) = -5*y**3. Let z be d(-1). Suppose 0*p = -z*p + 25. What is the greatest common divisor of t and p?
5
Suppose -4*u + 204 = 8*u. Calculate the greatest common divisor of u and 34.
17
Let w(u) = -u**3 - 3*u**2 + 5*u + 6. Let l be w(-4). Let p(z) = 0*z**l + 0*z**2 + 4*z**2. Let r be p(2). Calculate the highest common factor of r and 176.
16
Let i be (35/10)/((-1)/(-4)). Let u = 320 - 222. Calculate the greatest common divisor of i and u.
14
Suppose 20 = y + 5. Suppose 1 + 4 = n. Suppose -4*q = -n*q + 75. Calculate the greatest common factor of q and y.
15
Suppose -4*w - 37 = -13. Let t be w/15 + (-116)/10. Let g be (-33)/(-4) + 3/t. What is the highest common divisor of 88 and g?
8
Suppose 38 = 6*m - 4*m. Let g = m + -9. What is the highest common factor of 50 and g?
10
Let h(m) = -m**3 - 11*m**2 + 11*m - 10. Suppose 5*t - r = 20 - 75, -3*r = 3*t + 51. Let q be h(t). What is the highest common factor of q and 5?
1
Let g be 46/(-5*8/(-20)). Calculate the highest common divisor of 46 and g.
23
Suppose 0 = f + f + 146. Let k = 103 + f. Suppose 2*h - j = 6 + 1, h - 4*j + 14 = 0. Calculate the greatest common factor of k and h.
6
Suppose w = 5*t - 19, 5 = -3*t - 1. Let l = 85 + w. Let i = 17 - 10. What is the greatest common factor of i and l?
7
Suppose -54 = -7*n + 5*n. Let m = -25 + n. What is the greatest common factor of m and 1?
1
Let v(m) be the first derivative of m**4/2 - m**3 - 2*m**2 + 6*m - 3. Suppose z = 6 - 2. Let n be v(z). What is the highest common factor of n and 14?
14
Let w be (2 - 0 - -35) + (-28)/14. Calculate the highest common divisor of w and 35.
35
Let c be -5 + 2 + 0 + 51. Suppose 4*y = -17 - 31. Let d = 132 + y. What is the greatest common divisor of c and d?
24
Let w(c) = -c + 5. Let k be w(-4). Calculate the greatest common divisor of 63 and k.
9
Suppose h + h - 12 = 0. Let z(f) = -f**3 + 6*f**2 + 5*f + 4. Let o be z(5). What is the highest common factor of h and o?
6
Let k be (-125)/(-5) + (-2 - -2). Calculate the highest common factor of k and 10.
5
Suppose -3*l = 3*h + l - 344, 6 = 3*l. Calculate the highest common factor of h and 7.
7
Suppose -3 = -4*g - 7. Let v = g + 3. What is the highest common divisor of 1 and v?
1
Let j(c) = -c**2 + 7*c + 11. Let g be j(8). Suppose -h = -g*h + 10. What is the greatest common divisor of h and 40?
5
Let h be ((-8)/3)/((-2)/6). Let p = h + -4. Suppose -p*v = -4*g - 67 + 7, 0 = 3*v + 2*g - 70. Calculate the highest common factor of v and 10.
10
Let y(h) = h**2 - h + 1. Let o(g) = -2*g**2 - 6*g - 2. Let d(w) = o(w) + y(w). Let b be d(-5). Calculate the highest common factor of b and 81.
9
Suppose j - 4*q = -8*q + 6, 0 = -3*j + 2*q + 4. Let u(m) = -m**3 + 6*m**2 - m - 2. Let v be u(5). What is the greatest common divisor of j and v?
2
Suppose 0 = 3*h - 2*h - 28. What is the greatest common factor of h and 7?
7
Let n(p) = 1 - 11*p**2 + 0 + 80*p**2. Let d be n(1). Suppose 18 = 5*m - 122. Calculate the highest common factor of d and m.
14
Let t(k) = 13*k - 3. Let r be t(3). What is the greatest common factor of 18 and r?
18
Suppose 0*v - 2*v = 4*f - 222, 2*f + 5*v = 107. What is the greatest common divisor of f and 7?
7
Suppose -4*r = -0*r - 2*y - 286, r = -4*y + 58. Let p = r + -40. Let m = 11 - 1. Calculate the highest common divisor of p and m.
10
Suppose 6*r - 2*r = 320. Suppose 5*k - 5*x - r = 0, k - 3*x = -x + 20. Calculate the greatest common divisor of 84 and k.
12
Let t(k) = 2*k - 3. Let v be t(4). What is the greatest common divisor of 10 and v?
5
Let n(h) = 39*h**2 + 1. Let u be n(1). Suppose 4*p = -0*p + u. Suppose -77 = -3*l + 73. What is the highest common divisor of l and p?
10
Let p = -8 + 13. Suppose -p*t + 2*t = -9. Suppose 0*g = t*g - h - 26, -h = -1. What is the greatest common factor of g and 9?
9
Suppose 5*v = -4*b + 288, -3*b - 4*v = -0*b - 215. Let c = -14 + 20. Suppose -c = 3*u - 27. What is the highest common divisor of b and u?
7
Let d = 25 - -35. Suppose -2*l = -m + 2*l + 6, -5*m + d = -5*l. Calculate the highest common divisor of 140 and m.
14
Let l be 2 - -22*2/4. What is the greatest common divisor of 13 and l?
13
Suppose -191 = -3*i - p, -2*p = -i + 72 - 13. Let s(m) = m**3 - 6*m**2 + 2*m - 5. Let h be s(6). Calculate the highest common factor of h and i.
7
Let h(w) = w**2 + 14*w - 10. Let x be h(-16). Calculate the highest common divisor of 198 and x.
22
Let t be ((-6)/15)/((-3)/30). Suppose -t*k = 4*p + 16, 0*k - 5*p - 11 = 2*k. Let l be k/6 + (-99)/(-6). What is the greatest common divisor of 40 and l?
8
Let l be 2/(-7) - (-37)/7. Let x = -4 + l. Let u be 37 - ((-2)/(-1) - x). What is the greatest common factor of u and 4?
4
Suppose -t + 117 = -4*j, 3*j = -4*t - 0*t + 506. Calculate the greatest common divisor of 25 and t.
25
Suppose 3*b - 167 - 76 = 0. Suppose 5*c - t - 3*t - 93 = 0, 4*c = t + b. Calculate the greatest common divisor of c and 231.
21
Suppose y = -0 + 6. Let g(w) = w**2 - 5*w - 2. Let q be g(-5). Calculate the highest common divisor of y and q.
6
Suppose 0*g = -g + 5. Suppose 0 = -3*t + 4*t - 45. What is the greatest common divisor of t and g?
5
Suppose -2*l = -7*l + 50. Let f(o) = 2*o - 10. Let v be f(7). Calculate the greatest common divisor of l and v.
2
Suppose -4*l = 3*r - 33, r - 2*l - 8 = 3. Let f = 4 - 2. Let y(p) = 7*p**2 - 3*p. Let k be y(f). What is the greatest common divisor of r and k?
11
Let d(t) = -t**2 + 8*t - 6. Let b be d(5). Let k = -31 - -49. What is the highest common divisor of b and k?
9
Suppose 139 